{"id":17374,"date":"2022-05-09T16:57:59","date_gmt":"2022-05-09T14:57:59","guid":{"rendered":"https:\/\/morahotell.se\/vara_rum\/business\/"},"modified":"2023-06-15T08:58:02","modified_gmt":"2023-06-15T06:58:02","slug":"chambres-business","status":"publish","type":"vara_rum","link":"https:\/\/morahotell.se\/fr\/vara_rum\/chambres-business\/","title":{"rendered":"Chambres Business"},"featured_media":15983,"template":"","class_list":["post-17374","vara_rum","type-vara_rum","status-publish","has-post-thumbnail","hentry"],"acf":[],"yoast_head":"<!-- This site is optimized with the Yoast SEO plugin v26.5 - https:\/\/yoast.com\/wordpress\/plugins\/seo\/ -->\n<title>Chambres Business - Mora Hotell &amp; Spa<\/title>\n<meta name=\"description\" content=\"Business finns som dubbelrum (160\/180 cm s\u00e4ng) eller dubbelrum (tv\u00e5 90 s\u00e4ngar). Rummen \u00e4r stora (ca 20-24 m2) och bekv\u00e4ma med sittgrupp.\" \/>\n<meta name=\"robots\" content=\"index, follow, max-snippet:-1, max-image-preview:large, max-video-preview:-1\" \/>\n<link rel=\"canonical\" href=\"https:\/\/morahotell.se\/fr\/vara_rum\/chambres-business\/\" \/>\n<meta property=\"og:locale\" content=\"fr_FR\" \/>\n<meta property=\"og:type\" content=\"article\" \/>\n<meta property=\"og:title\" content=\"Chambres Business - Mora Hotell &amp; Spa\" \/>\n<meta property=\"og:description\" content=\"Business finns som dubbelrum (160\/180 cm s\u00e4ng) eller dubbelrum (tv\u00e5 90 s\u00e4ngar). Rummen \u00e4r stora (ca 20-24 m2) och bekv\u00e4ma med sittgrupp.\" \/>\n<meta property=\"og:url\" content=\"https:\/\/morahotell.se\/fr\/vara_rum\/chambres-business\/\" \/>\n<meta property=\"og:site_name\" content=\"Mora Hotell &amp; Spa\" \/>\n<meta property=\"article:modified_time\" content=\"2023-06-15T06:58:02+00:00\" \/>\n<meta property=\"og:image\" content=\"https:\/\/morahotell.se\/wp-content\/uploads\/2022\/04\/rum-Business-1.jpg\" \/>\n\t<meta property=\"og:image:width\" content=\"2000\" \/>\n\t<meta property=\"og:image:height\" content=\"1333\" \/>\n\t<meta property=\"og:image:type\" content=\"image\/jpeg\" \/>\n<meta name=\"twitter:card\" content=\"summary_large_image\" \/>\n<script type=\"application\/ld+json\" class=\"yoast-schema-graph\">{\"@context\":\"https:\/\/schema.org\",\"@graph\":[{\"@type\":\"WebPage\",\"@id\":\"https:\/\/morahotell.se\/fr\/vara_rum\/chambres-business\/\",\"url\":\"https:\/\/morahotell.se\/fr\/vara_rum\/chambres-business\/\",\"name\":\"Chambres Business - Mora Hotell &amp; Spa\",\"isPartOf\":{\"@id\":\"https:\/\/morahotell.se\/fr\/#website\"},\"primaryImageOfPage\":{\"@id\":\"https:\/\/morahotell.se\/fr\/vara_rum\/chambres-business\/#primaryimage\"},\"image\":{\"@id\":\"https:\/\/morahotell.se\/fr\/vara_rum\/chambres-business\/#primaryimage\"},\"thumbnailUrl\":\"https:\/\/morahotell.se\/wp-content\/uploads\/2022\/04\/rum-Business-1.jpg\",\"datePublished\":\"2022-05-09T14:57:59+00:00\",\"dateModified\":\"2023-06-15T06:58:02+00:00\",\"description\":\"Business finns som dubbelrum (160\/180 cm s\u00e4ng) eller dubbelrum (tv\u00e5 90 s\u00e4ngar). Rummen \u00e4r stora (ca 20-24 m2) och bekv\u00e4ma med sittgrupp.\",\"breadcrumb\":{\"@id\":\"https:\/\/morahotell.se\/fr\/vara_rum\/chambres-business\/#breadcrumb\"},\"inLanguage\":\"fr-FR\",\"potentialAction\":[{\"@type\":\"ReadAction\",\"target\":[\"https:\/\/morahotell.se\/fr\/vara_rum\/chambres-business\/\"]}]},{\"@type\":\"ImageObject\",\"inLanguage\":\"fr-FR\",\"@id\":\"https:\/\/morahotell.se\/fr\/vara_rum\/chambres-business\/#primaryimage\",\"url\":\"https:\/\/morahotell.se\/wp-content\/uploads\/2022\/04\/rum-Business-1.jpg\",\"contentUrl\":\"https:\/\/morahotell.se\/wp-content\/uploads\/2022\/04\/rum-Business-1.jpg\",\"width\":2000,\"height\":1333,\"caption\":\"Premium\"},{\"@type\":\"BreadcrumbList\",\"@id\":\"https:\/\/morahotell.se\/fr\/vara_rum\/chambres-business\/#breadcrumb\",\"itemListElement\":[{\"@type\":\"ListItem\",\"position\":1,\"name\":\"Mora hotell\",\"item\":\"https:\/\/morahotell.se\/fr\/\"},{\"@type\":\"ListItem\",\"position\":2,\"name\":\"Chambres Business\"}]},{\"@type\":\"WebSite\",\"@id\":\"https:\/\/morahotell.se\/fr\/#website\",\"url\":\"https:\/\/morahotell.se\/fr\/\",\"name\":\"Mora Hotell &amp; Spa\",\"description\":\"Fyrstj\u00e4rnigt hotell i Mora, n\u00e4ra Siljan\",\"potentialAction\":[{\"@type\":\"SearchAction\",\"target\":{\"@type\":\"EntryPoint\",\"urlTemplate\":\"https:\/\/morahotell.se\/fr\/?s={search_term_string}\"},\"query-input\":{\"@type\":\"PropertyValueSpecification\",\"valueRequired\":true,\"valueName\":\"search_term_string\"}}],\"inLanguage\":\"fr-FR\"}]}<\/script>\n<!-- \/ Yoast SEO plugin. -->","yoast_head_json":{"title":"Chambres Business - Mora Hotell &amp; Spa","description":"Business finns som dubbelrum (160\/180 cm s\u00e4ng) eller dubbelrum (tv\u00e5 90 s\u00e4ngar). Rummen \u00e4r stora (ca 20-24 m2) och bekv\u00e4ma med sittgrupp.","robots":{"index":"index","follow":"follow","max-snippet":"max-snippet:-1","max-image-preview":"max-image-preview:large","max-video-preview":"max-video-preview:-1"},"canonical":"https:\/\/morahotell.se\/fr\/vara_rum\/chambres-business\/","og_locale":"fr_FR","og_type":"article","og_title":"Chambres Business - Mora Hotell &amp; Spa","og_description":"Business finns som dubbelrum (160\/180 cm s\u00e4ng) eller dubbelrum (tv\u00e5 90 s\u00e4ngar). Rummen \u00e4r stora (ca 20-24 m2) och bekv\u00e4ma med sittgrupp.","og_url":"https:\/\/morahotell.se\/fr\/vara_rum\/chambres-business\/","og_site_name":"Mora Hotell &amp; Spa","article_modified_time":"2023-06-15T06:58:02+00:00","og_image":[{"width":2000,"height":1333,"url":"https:\/\/morahotell.se\/wp-content\/uploads\/2022\/04\/rum-Business-1.jpg","type":"image\/jpeg"}],"twitter_card":"summary_large_image","schema":{"@context":"https:\/\/schema.org","@graph":[{"@type":"WebPage","@id":"https:\/\/morahotell.se\/fr\/vara_rum\/chambres-business\/","url":"https:\/\/morahotell.se\/fr\/vara_rum\/chambres-business\/","name":"Chambres Business - Mora Hotell &amp; Spa","isPartOf":{"@id":"https:\/\/morahotell.se\/fr\/#website"},"primaryImageOfPage":{"@id":"https:\/\/morahotell.se\/fr\/vara_rum\/chambres-business\/#primaryimage"},"image":{"@id":"https:\/\/morahotell.se\/fr\/vara_rum\/chambres-business\/#primaryimage"},"thumbnailUrl":"https:\/\/morahotell.se\/wp-content\/uploads\/2022\/04\/rum-Business-1.jpg","datePublished":"2022-05-09T14:57:59+00:00","dateModified":"2023-06-15T06:58:02+00:00","description":"Business finns som dubbelrum (160\/180 cm s\u00e4ng) eller dubbelrum (tv\u00e5 90 s\u00e4ngar). Rummen \u00e4r stora (ca 20-24 m2) och bekv\u00e4ma med sittgrupp.","breadcrumb":{"@id":"https:\/\/morahotell.se\/fr\/vara_rum\/chambres-business\/#breadcrumb"},"inLanguage":"fr-FR","potentialAction":[{"@type":"ReadAction","target":["https:\/\/morahotell.se\/fr\/vara_rum\/chambres-business\/"]}]},{"@type":"ImageObject","inLanguage":"fr-FR","@id":"https:\/\/morahotell.se\/fr\/vara_rum\/chambres-business\/#primaryimage","url":"https:\/\/morahotell.se\/wp-content\/uploads\/2022\/04\/rum-Business-1.jpg","contentUrl":"https:\/\/morahotell.se\/wp-content\/uploads\/2022\/04\/rum-Business-1.jpg","width":2000,"height":1333,"caption":"Premium"},{"@type":"BreadcrumbList","@id":"https:\/\/morahotell.se\/fr\/vara_rum\/chambres-business\/#breadcrumb","itemListElement":[{"@type":"ListItem","position":1,"name":"Mora hotell","item":"https:\/\/morahotell.se\/fr\/"},{"@type":"ListItem","position":2,"name":"Chambres Business"}]},{"@type":"WebSite","@id":"https:\/\/morahotell.se\/fr\/#website","url":"https:\/\/morahotell.se\/fr\/","name":"Mora Hotell &amp; Spa","description":"Fyrstj\u00e4rnigt hotell i Mora, n\u00e4ra Siljan","potentialAction":[{"@type":"SearchAction","target":{"@type":"EntryPoint","urlTemplate":"https:\/\/morahotell.se\/fr\/?s={search_term_string}"},"query-input":{"@type":"PropertyValueSpecification","valueRequired":true,"valueName":"search_term_string"}}],"inLanguage":"fr-FR"}]}},"_links":{"self":[{"href":"https:\/\/morahotell.se\/fr\/wp-json\/wp\/v2\/vara_rum\/17374","targetHints":{"allow":["GET"]}}],"collection":[{"href":"https:\/\/morahotell.se\/fr\/wp-json\/wp\/v2\/vara_rum"}],"about":[{"href":"https:\/\/morahotell.se\/fr\/wp-json\/wp\/v2\/types\/vara_rum"}],"wp:featuredmedia":[{"embeddable":true,"href":"https:\/\/morahotell.se\/fr\/wp-json\/wp\/v2\/media\/15983"}],"wp:attachment":[{"href":"https:\/\/morahotell.se\/fr\/wp-json\/wp\/v2\/media?parent=17374"}],"curies":[{"name":"wp","href":"https:\/\/api.w.org\/{rel}","templated":true}]}}

<!-- This site is optimized with the Yoast SEO plugin v26.5 - https://yoast.com/wordpress/plugins/seo/ -->
<title>Chambres Business - Mora Hotell &amp; Spa</title>
<meta name="description" content="Business finns som dubbelrum (160/180 cm säng) eller dubbelrum (två 90 sängar). Rummen är stora (ca 20-24 m2) och bekväma med sittgrupp." />
<meta name="robots" content="index, follow, max-snippet:-1, max-image-preview:large, max-video-preview:-1" />
<link rel="canonical" href="https://morahotell.se/fr/vara_rum/chambres-business/" />
<meta property="og:locale" content="fr_FR" />
<meta property="og:type" content="article" />
<meta property="og:title" content="Chambres Business - Mora Hotell &amp; Spa" />
<meta property="og:description" content="Business finns som dubbelrum (160/180 cm säng) eller dubbelrum (två 90 sängar). Rummen är stora (ca 20-24 m2) och bekväma med sittgrupp." />
<meta property="og:url" content="https://morahotell.se/fr/vara_rum/chambres-business/" />
<meta property="og:site_name" content="Mora Hotell &amp; Spa" />
<meta property="article:modified_time" content="2023-06-15T06:58:02+00:00" />
<meta property="og:image" content="https://morahotell.se/wp-content/uploads/2022/04/rum-Business-1.jpg" />
	<meta property="og:image:width" content="2000" />
	<meta property="og:image:height" content="1333" />
	<meta property="og:image:type" content="image/jpeg" />
<meta name="twitter:card" content="summary_large_image" />
<script type="application/ld+json" class="yoast-schema-graph">{"@context":"https://schema.org","@graph":[{"@type":"WebPage","@id":"https://morahotell.se/fr/vara_rum/chambres-business/","url":"https://morahotell.se/fr/vara_rum/chambres-business/","name":"Chambres Business - Mora Hotell &amp; Spa","isPartOf":{"@id":"https://morahotell.se/fr/#website"},"primaryImageOfPage":{"@id":"https://morahotell.se/fr/vara_rum/chambres-business/#primaryimage"},"image":{"@id":"https://morahotell.se/fr/vara_rum/chambres-business/#primaryimage"},"thumbnailUrl":"https://morahotell.se/wp-content/uploads/2022/04/rum-Business-1.jpg","datePublished":"2022-05-09T14:57:59+00:00","dateModified":"2023-06-15T06:58:02+00:00","description":"Business finns som dubbelrum (160/180 cm säng) eller dubbelrum (två 90 sängar). Rummen är stora (ca 20-24 m2) och bekväma med sittgrupp.","breadcrumb":{"@id":"https://morahotell.se/fr/vara_rum/chambres-business/#breadcrumb"},"inLanguage":"fr-FR","potentialAction":[{"@type":"ReadAction","target":["https://morahotell.se/fr/vara_rum/chambres-business/"]}]},{"@type":"ImageObject","inLanguage":"fr-FR","@id":"https://morahotell.se/fr/vara_rum/chambres-business/#primaryimage","url":"https://morahotell.se/wp-content/uploads/2022/04/rum-Business-1.jpg","contentUrl":"https://morahotell.se/wp-content/uploads/2022/04/rum-Business-1.jpg","width":2000,"height":1333,"caption":"Premium"},{"@type":"BreadcrumbList","@id":"https://morahotell.se/fr/vara_rum/chambres-business/#breadcrumb","itemListElement":[{"@type":"ListItem","position":1,"name":"Mora hotell","item":"https://morahotell.se/fr/"},{"@type":"ListItem","position":2,"name":"Chambres Business"}]},{"@type":"WebSite","@id":"https://morahotell.se/fr/#website","url":"https://morahotell.se/fr/","name":"Mora Hotell &amp; Spa","description":"Fyrstjärnigt hotell i Mora, nära Siljan","potentialAction":[{"@type":"SearchAction","target":{"@type":"EntryPoint","urlTemplate":"https://morahotell.se/fr/?s={search_term_string}"},"query-input":{"@type":"PropertyValueSpecification","valueRequired":true,"valueName":"search_term_string"}}],"inLanguage":"fr-FR"}]}</script>
<!-- / Yoast SEO plugin. -->

Business finns som dubbelrum (160/180 cm säng) eller dubbelrum (två 90 sängar). Rummen är stora (ca 20-24 m2) och bekväma med sittgrupp.

Fyrstjärnigt hotell i Mora, nära Siljan
